-4*t - 1. List the prime factors of t.
2
Let h be (-1)/5 + 3/15. Suppose 0 = 3*u - 15, -4*l - u + h*u = -73. What are the prime factors of l?
17
Let h = -3 - -3. Suppose 2*p = 4*p - 54. Suppose -3*f = -h*f - p. What are the prime factors of f?
3
List the prime factors of ((-7)/(-5))/(9/855).
7, 19
Let z(o) be the first derivative of o**3/3 + 3*o**2/2 - 2*o + 1. Let j be z(-4). Suppose 4 = j*n - 14. What are the prime factors of n?
3
Suppose 6*u + 10*u - 2880 = 0. List the prime factors of u.
2, 3, 5
Let x = 89 - 28. What are the prime factors of x?
61
Let v = -249 + 593. What are the prime factors of (-2)/(-3) + v/24?
3, 5
Let u(h) = h**2 + 2*h - 1. Let a be u(2). Suppose 47 = -5*p + a. What are the prime factors of 4/(p/(-6)) - -2?
5
Let t(u) = 6*u - 7*u + 11 + 0*u. Let b be 2/5 - (-66)/10. What are the prime factors of t(b)?
2
Let b = -16 + 8. What are the prime factors of (-2)/b - (-1107)/36?
31
Suppose l - 1 = 20. List the prime factors of l.
3, 7
Let d(n) = 6*n**2 + 2*n + 2. Let z be d(-1). What are the prime factors of (63/z)/(-7)*-6?
3
Let q = -3 + 6. Let k = q - -2. Suppose -k*u + 7*x = 2*x - 50, -5*u - x + 74 = 0. List the prime factors of u.
2, 7
Let u(s) = -5*s**2 - 2*s - 1. Let z be u(-2). Let f = -7 + z. List the prime factors of (f/(-20))/((-2)/(-15)).
3
List the prime factors of (-18)/45 + 777/5.
5, 31
Suppose 4 = -a + 9. Suppose -5*n + 21 = 2*m, -3*m - 5*n + 19 = -a. List the prime factors of m.
3
Let l = -33 - -57. List the prime factors of l.
2, 3
Let w be (-92)/5 - 2/(-5). Let l be 25/9 + (-4)/w. Suppose x + l = 10. List the prime factors of x.
7
List the prime factors of 1 - ((3 - 2) + -24).
2, 3
Suppose -d = -0 + 3. List the prime factors of 8/12 - 37/d.
13
Let p = 0 + 2. Let a(g) = 1 + 3*g + g**2 + g**2 - g**p + 0*g**2. What are the prime factors of a(-4)?
5
Let r = -19 - -229. What are the prime factors of r?
2, 3, 5, 7
Let h(o) = -o**2 - 8*o + 11. Let x be h(-9). Suppose 9 = x*z + 1, -4*z = -b - 3. Suppose 0 = 2*d + 2*f - 6*f - 14, 0 = 5*d + f - b. List the prime factors of d.
3
Suppose 5*o - 3*h - 145 = 0, -7*h = -2*h. Let i = 72 - o. What are the prime factors of i?
43
Suppose -5*q + 0*h = -4*h - 19, -10 = -4*q - 2*h. Suppose 0 = 3*z - 3*w - 42, 0 = -q*z + 5*w + 22 + 28. What are the prime factors of z?
2, 5
Let t be (-4)/8 - 21/2. List the prime factors of (-1 - 2) + (0 - t).
2
Let y(h) = h + 4. Let s(q) = q + 7. Let a be s(-4). What are the prime factors of y(a)?
7
Suppose 3*r - 5*o = 46, 2*r + 6 = 3*r - 4*o. What are the prime factors of r?
2, 11
What are the prime factors of (-11 + -5)/(4/(-18))?
2, 3
Suppose 0 = o + 38 - 185. What are the prime factors of o?
3, 7
Let u = 202 + -11. What are the prime factors of u?
191
Let w(l) = 3*l**2 - l + 3. What are the prime factors of w(9)?
3, 79
Let g(b) = -b - 3. Let l be g(9). What are the prime factors of 6/l - 138/(-4)?
2, 17
Let z(t) = t + 7. Let y(q) = -1. Let d be 0 - -1*(2 + -3). Let x(c) = d*z(c) - 6*y(c). List the prime factors of x(-6).
5
Suppose 3*p - 2 = 3*m + 4, 4*m - 16 = -4*p. Suppose -j = -p*j. Suppose -2*i + 10 = 5*n + i, 2*n + 4*i - 4 = j. What are the prime factors of n?
2
Let x = 29 + -23. What are the prime factors of ((-4)/(-6))/(x/297)?
3, 11
Let a = -6 - -18. Suppose -2*i + 5*i - a = 0. Suppose 0 = i*n + 3 - 31. List the prime factors of n.
7
Suppose 1249 + 299 = 9*w. What are the prime factors of w?
2, 43
Let v = 28 - 48. Let w be (24/v)/(2/(-10)). Suppose -4*c + 50 = w. List the prime factors of c.
11
Suppose 3*y + 165 = 2*r, 3*r = r + 2*y + 166. List the prime factors of r.
2, 3, 7
Suppose -5*k + 6 = -2*k. Suppose 4*c = 6*c. What are the prime factors of (k*6)/(c + 1)?
2, 3
Suppose 3*n - 6*n = -45. List the prime factors of n.
3, 5
Let a be (4/5)/((-1)/10). Suppose 0 = 3*d + u + 35, -u + 46 = -2*d + 4*u. Let k = a - d. List the prime factors of k.
5
Let y be (-12)/(-2 + (-15)/(-12)). Suppose -3*h = -0*h + t - 30, -2*h = 2*t - y. What are the prime factors of h?
11
Let z(i) = -8*i. Let a be z(-3). Suppose r - 3*s + a = 4*r, -5*s = -2*r - 12. What are the prime factors of r?
2
Let f = 14 - -39. List the prime factors of f.
53
Let r(c) = 9*c**2 - 2*c - 1. Let o be r(-1). Let k(p) = 3*p - 12. List the prime factors of k(o).
2, 3
Suppose 0 = -11*q + 12*q - 40. What are the prime factors of q?
2, 5
List the prime factors of ((-88)/28)/((-2)/14).
2, 11
Let t(m) = m**3 - 5*m + 2. Let c be t(-4). Let r = 61 + c. What are the prime factors of r?
19
Let x(v) = -10*v + 11. What are the prime factors of x(-6)?
71
Let m(f) = f**3 + 8*f**2 + f + 11. Let l be m(-8). Suppose l = -3*d + 24. Let c = -5 + d. What are the prime factors of c?
2
Let z = 2 - -6. Let q(p) = -p**3 + 7*p**2 + 8*p + 5. List the prime factors of q(z).
5
Suppose -2*v = 2*v - 16. Suppose -2*m - i = -12, 3*m - 7 = -v*i + 6. List the prime factors of m.
7
Suppose 42 = -2*j + 3*j. Suppose 5*x = 103 + j. List the prime factors of x.
29
Let m = 11 - -4. List the prime factors of m.
3, 5
Let a(b) = 0*b + 2 + b - 8. Let i be a(11). Suppose 17 = i*u - 13. List the prime factors of u.
2, 3
Suppose 2*o + 4*f - 8 = 0, -2*o + 4*f = -3*o. What are the prime factors of (0 - -2) + o + -6?
2
Let n = 17 - 14. Let v(z) = -2*z + 10. Let y be v(7). Let i = n - y. List the prime factors of i.
7
Suppose 2*q - r = 377, 6*q + 4*r - 784 = 2*q. List the prime factors of q.
191
Suppose 2*u + 0*u = 8. Suppose 0 = 2*m + u*i + 6, -2*m - 3*i + 0 = 3. Suppose -s = -m*s + 28. What are the prime factors of s?
2, 7
Let o = 3 - 4. Let c = o + 3. What are the prime factors of c?
2
Suppose 5*z + 20 = -5*y, -4*z - 3 = -2*y - 17. Let f be 33/y + 10/(-25). Let d = f - -13. What are the prime factors of d?
2, 3
Suppose -5*s - 344 = -v, -3*v + 2*s + 188 = -870. What are the prime factors of v?
2, 3, 59
Suppose -24 = -x + 17. What are the prime factors of x?
41
Let q(l) = 22*l - 1 + 2*l + 7*l. What are the prime factors of q(1)?
2, 3, 5
List the prime factors of (10/12*3)/((-1)/(-6)).
3, 5
Suppose 2*c - 2 = 3*i - 8, -i - c + 7 = 0. Let f be 2*(-2)/6*-6. Suppose 3*s + 16 = 3*l - 2*s, -i*l + 16 = -f*s. List the prime factors of l.
2
Let o(i) = 2*i**2 + 2*i - 1. Let q be o(2). Let x = q + -8. Suppose y - m - 7 = 0, x*m = -3*y + 35 - 8. What are the prime factors of y?
2
Suppose 2*n - i = -1, -n + i + 0 = 3. Let x be -1 - (-5)/n*2. Suppose 0 = -d - 2*q + 7, -3*d + x*q = 6*q - 25. What are the prime factors of d?
3
Suppose 0*y = -2*y + 46. List the prime factors of y.
23
What are the prime factors of 4/6 + 244/12?
3, 7
Let f = -10 - -4. Let h be 3/f + 21/2. Let n = h + -6. List the prime factors of n.
2
Suppose 3*a - 131 = 10. List the prime factors of a.
47
Let b = 3 - 2. Suppose 0 = -x + 5 - b. List the prime factors of (0 + 0)/1 + x.
2
Let w = 1 - -4. Suppose -2*j = t - 0*t - 2, 0 = t - w*j + 26. List the prime factors of t/39 + 602/26.
23
Let b(z) = 15*z**2 + 2*z - 19. List the prime factors of b(4).
229
What are the prime factors of 4/22 - 1506/(-66)?
23
Suppose -3*w - 7 = -c + 17, 0 = -w + 1. List the prime factors of c.
3
Suppose 2*x + k + 14 = 0, -4*x + 3*k + 0*k = 28. Let m(a) = -1 + 6 + a + 5. List the prime factors of m(x).
3
Let p be -1 + 1 + (-4 - -9). Suppose -2*q - 5*i - 10 = 0, 2*i - 6 = p*i. Suppose q*v = -2*v + 18. What are the prime factors of v?
3
Let b(h) be the second derivative of h**4/12 - 3*h**3/2 - 5*h**2/2 + h. What are the prime factors of b(10)?
5
Let d(r) = -r**2 + 6*r + 7. Let x be d(7). Let t be (-1 - -25)/((-15)/(-10)). Suppose x = 5*y - 61 + t. What are the prime factors of y?
3
What are the prime factors of ((-16)/(-5))/((-21)/(-420))?
2
Suppose 85 = 5*r - 160. List the prime factors of r.
7
Suppose -2*a + b + 81 = 0, a + 124 = 4*a - 4*b. Suppose 5*i = -g, -i = -4*g - 14 + 119. Let q = a - g. List the prime factors of q.
3, 5
Suppose -4*p = -12 - 40. What are the prime factors of p?
13
Let u = -2 - -2. Suppose 4*c - 22 - 54 = u. What are the prime factors of c?
19
Suppose 0*p - 2*p = -4*v - 90, -v = -4*p + 159. List the prime factors of p.
3, 13
Let i(q) be the first derivative of q**4/4 + 8*q**3/3 + q**2 + 5*q + 1. Let w be i(-8). Let v = w - -18. What are the prime factors of v?
7
What are the prime factors of (-9)/24 - 1095/(-40)?
3
Suppose 363 = 4*b - 13. What are the prime factors of b?
2, 47
Let